is divided by 32?
27
What is the remainder when 210 is divided by 37?
25
What is the remainder when 96 is divided by 11?
8
What is the remainder when 186 is divided by 93?
0
Calculate the remainder when 12670 is divided by 23.
20
What is the remainder when 430 is divided by 412?
18
Calculate the remainder when 145 is divided by 82.
63
What is the remainder when 85 is divided by 47?
38
Calculate the remainder when 812 is divided by 47.
13
Calculate the remainder when 1393 is divided by 452.
37
What is the remainder when 362 is divided by 52?
50
What is the remainder when 896 is divided by 41?
35
What is the remainder when 162 is divided by 31?
7
Calculate the remainder when 81 is divided by 51.
30
Calculate the remainder when 504 is divided by 256.
248
Calculate the remainder when 117 is divided by 22.
7
What is the remainder when 26036 is divided by 84?
80
What is the remainder when 529 is divided by 10?
9
What is the remainder when 935 is divided by 10?
5
Calculate the remainder when 910 is divided by 115.
105
Calculate the remainder when 205 is divided by 125.
80
Calculate the remainder when 326 is divided by 9.
2
What is the remainder when 256 is divided by 81?
13
Calculate the remainder when 17819 is divided by 134.
131
What is the remainder when 201 is divided by 62?
15
Calculate the remainder when 125 is divided by 10.
5
What is the remainder when 1497 is divided by 59?
22
Calculate the remainder when 602 is divided by 19.
13
Calculate the remainder when 70 is divided by 10.
0
Calculate the remainder when 3024 is divided by 132.
120
What is the remainder when 156 is divided by 51?
3
What is the remainder when 1479 is divided by 39?
36
Calculate the remainder when 101 is divided by 8.
5
What is the remainder when 2065 is divided by 13?
11
What is the remainder when 9358 is divided by 37?
34
Calculate the remainder when 711 is divided by 42.
39
What is the remainder when 812 is divided by 532?
280
What is the remainder when 1885 is divided by 51?
49
What is the remainder when 230 is divided by 136?
94
Calculate the remainder when 117 is divided by 13.
0
What is the remainder when 75 is divided by 67?
8
What is the remainder when 408 is divided by 400?
8
What is the remainder when 471 is divided by 40?
31
What is the remainder when 53 is divided by 45?
8
What is the remainder when 97 is divided by 26?
19
Calculate the remainder when 1941 is divided by 80.
21
What is the remainder when 3689 is divided by 367?
19
Calculate the remainder when 54 is divided by 6.
0
Calculate the remainder when 743 is divided by 242.
17
What is the remainder when 1912 is divided by 11?
9
Calculate the remainder when 6749 is divided by 32.
29
Calculate the remainder when 117 is divided by 36.
9
What is the remainder when 39 is divided by 14?
11
Calculate the remainder when 587 is divided by 42.
41
What is the remainder when 5542 is divided by 72?
70
Calculate the remainder when 19099 is divided by 30.
19
Calculate the remainder when 1467 is divided by 243.
9
Calculate the remainder when 82 is divided by 30.
22
What is the remainder when 155 is divided by 51?
2
Calculate the remainder when 723 is divided by 83.
59
Calculate the remainder when 802 is divided by 128.
34
What is the remainder when 754 is divided by 49?
19
Calculate the remainder when 3445 is divided by 77.
57
Calculate the remainder when 1227 is divided by 206.
197
Calculate the remainder when 177 is divided by 45.
42
Calculate the remainder when 8315 is divided by 84.
83
What is the remainder when 458 is divided by 5?
3
What is the remainder when 1714 is divided by 12?
10
Calculate the remainder when 806 is divided by 73.
3
What is the remainder when 92 is divided by 27?
11
Calculate the remainder when 32387 is divided by 7.
5
What is the remainder when 1294 is divided by 402?
88
Calculate the remainder when 221 is divided by 23.
14
What is the remainder when 1426 is divided by 28?
26
Calculate the remainder when 3166 is divided by 72.
70
What is the remainder when 656 is divided by 174?
134
What is the remainder when 369 is divided by 6?
3
What is the remainder when 988 is divided by 43?
42
What is the remainder when 5031 is divided by 148?
147
What is the remainder when 763 is divided by 135?
88
What is the remainder when 657 is divided by 19?
11
Calculate the remainder when 28 is divided by 16.
12
What is the remainder when 249 is divided by 63?
60
Calculate the remainder when 470 is divided by 236.
234
What is the remainder when 1555 is divided by 393?
376
Calculate the remainder when 21237 is divided by 12.
9
What is the remainder when 3183 is divided by 1577?
29
Calculate the remainder when 1543 is divided by 91.
87
What is the remainder when 139 is divided by 52?
35
What is the remainder when 2851 is divided by 9?
7
What is the remainder when 318 is divided by 22?
10
What is the remainder when 608 is divided by 9?
5
What is the remainder when 247 is divided by 42?
37
Calculate the remainder when 44 is divided by 16.
12
Calculate the remainder when 761 is divided by 484.
277
What is the remainder when 95 is divided by 6?
5
Calculate the remainder when 248 is divided by 226.
22
Calculate the remainder when 318 is divided by 8.
6
Calculate the remainder when 12 is divided by 9.
3
What is the remainder when 1696 is divided by 142?
134
Calculate the remainder when 3432 is divided by 41.
29
What is the remainder when 1985 is divided by 52?
9
Calculate the remainder when 715 is divided by 17.
1
Calculate the remainder when 1181 is divided by 372.
65
Calculate the remainder when 8584 is divided by 38.
34
What is the remainder when 520 is divided by 228?
64
Calculate the remainder when 1307 is divided by 374.
185
What is the remainder when 45 is divided by 42?
3
Calculate the remainder when 349 is divided by 202.
147
What is the remainder when 818 is divided by 39?
38
What is the remainder when 229 is divided by 17?
8
What is the remainder when 2781 is divided by 174?
171
What is the remainder when 710 is divided by 91?
73
What is the remainder when 15527 is divided by 36?
11
Calculate the remainder when 194 is divided by 7.
5
Calculate the remainder when 855 is divided by 28.
15
What is the remainder when 140 is divided by 13?
10
Calculate the remainder when 86 is divided by 36.
14
Calculate the remainder when 161 is divided by 9.
8
Calculate the remainder when 1846 is divided by 88.
86
Calculate the remainder when 1648 is divided by 25.
23
What is the remainder when 259 is divided by 171?
88
Calculate the remainder when 67 is divided by 28.
11
Calculate the remainder when 10285 is divided by 83.
76
What is the remainder when 180 is divided by 63?
54
Calculate the remainder when 175 is divided by 18.
13
Calculate the remainder when 54480 is divided by 381.
378
Calculate the remainder when 4731 is divided by 10.
1
What is the remainder when 133 is divided by 24?
13
What is the remainder when 8967 is divided by 69?
66
What is the remainder when 91 is divided by 16?
11
What is the remainder when 256 is divided by 87?
82
Calculate the remainder when 3212 is divided by 119.
118
Calculate the remainder when 4928 is divided by 55.
33
What is the remainder when 1612 is divided by 272?
252
Calculate the remainder when 156 is divided by 150.
6
Calculate the remainder when 203 is divided by 107.
96
What is the remainder when 184 is divided by 26?
2
Calculate the remainder when 128 is divided by 34.
26
Calculate the remainder when 857 is divided by 26.
25
Calculate the remainder when 106 is divided by 16.
10
What is the remainder when 279 is divided by 142?
137
Calculate the remainder when 3882 is divided by 8.
2
Calculate the remainder when 258 is divided by 88.
82
What is the remainder when 1317 is divided by 105?
57
What is the remainder when 71 is divided by 32?
7
What is the remainder when 980 is divided by 951?
29
What is the remainder when 159 is divided by 23?
21
What is the remainder when 85 is divided by 84?
1
Calculate the remainder when 153 is divided by 18.
9
What is the remainder when 185 is divided by 87?
11
Calculate the remainder when 3712 is divided by 133.
121
What is the remainder when 70 is divided by 41?
29
What is the remainder when 459 is divided by 64?
11
What is the remainder when 